0
Let i be (-6 + 1 + -11)*1/(-2). Let z be 260/8*i*(-3)/(-10). Calculate the greatest common divisor of z and 208.
26
Suppose 30 = -k - 85. Suppose a + 2*d = -87, d = 7*a - 4*a + 233. Let y = a - k. What is the highest common factor of y and 4?
4
Let o be (-1 + 10/4)*-4. Let l be (765/34)/((-1)/o). What is the greatest common factor of 10 and l?
5
Suppose 60 = 10*c + 10*c. Suppose 16*d - 15*d = -2*t + 37, c*t + 4*d = 43. What is the greatest common factor of t and 84?
21
Let a(p) = p**3 - 70*p**2 - 39*p - 318. Let j be a(72). What is the highest common factor of j and 204?
102
Suppose 0 = -6*v + v + 1505. Suppose -329 = -5*m + v. Suppose -591 = -21*q - 213. What is the greatest common divisor of m and q?
18
Let f(o) = 3*o**2 + 64*o - 61. Let y be f(-23). Suppose -2907 = -2*v - 207. Calculate the greatest common divisor of y and v.
54
Let o(i) = 24*i**2 - 611*i + 146. Let l be o(28). Calculate the highest common divisor of l and 63.
9
Let u be 4/(-6)*3/(-7) + 12784/1904. What is the greatest common divisor of u and 1841?
7
Let c(u) = -u**3 + 8*u**2 - 10*u - 9. Let d be c(6). Let x be (-956)/24 + d/(-18). Let r = x - -70. Calculate the greatest common factor of r and 15.
15
Let f(q) = 4*q - 7*q - 14*q + q**2 + 45 - 2*q**2. Let v be f(-19). Suppose 2*n = v*n - 15, -4*n = -2*a + 36. What is the highest common divisor of 144 and a?
24
Let z(m) = -2 + 2 - 30*m. Let o be z(-1). Let u be (-1 - -76)*(924/(-35) - -27). Calculate the greatest common divisor of o and u.
15
Let b(j) = -j**2 + 8*j + 33. Let l be b(11). Suppose 11*w + l*w = 473. Calculate the highest common divisor of 43 and w.
43
Let w be (-2)/(-8) - (630/(-24))/15. Suppose -5*r + 5*m + 1902 + 1088 = 0, w*m - 586 = -r. Calculate the greatest common divisor of r and 66.
66
Let d = 2133 - 258. What is the greatest common factor of 250 and d?
125
Let c(f) = 3*f**2 - 15*f + 30. Let k be c(3). What is the greatest common divisor of 3996 and k?
12
Let s be 270/(-36)*(-4)/3. Let g = -108 - -228. Suppose 6*u - g = 3*u. What is the greatest common divisor of s and u?
10
Suppose 3*d + 2*d + 3*p - 681 = 0, -2*d = -3*p - 285. What is the greatest common divisor of 6992 and d?
46
Let w(f) = 95*f - 1268. Let h be w(16). Calculate the highest common divisor of 1862 and h.
14
Let p be 1/(5 - 5622/1124). Suppose w + 805 = -0*w. Let d = p - w. What is the greatest common divisor of d and 27?
27
Let r(a) = -271*a + 7075. Let t be r(13). Calculate the greatest common factor of t and 288.
96
Let p(i) be the third derivative of -i**6/120 + i**5/3 - 13*i**4/12 + 27*i**3/2 - 6*i**2 - 17. Let x be p(15). What is the highest common divisor of x and 51?
51
Suppose 5*q - 419 = -2*i, 4*i - 60*q + 58*q - 946 = 0. Suppose -2*y - 3*y - 25 = 0, 3*h + 2*y - 77 = 0. What is the greatest common divisor of h and i?
29
Let m be 40/6*18/12. Suppose 0 = -t + 4 + m. Let i(p) = -p**3 - 14*p**2 + 58*p + 140. Let c be i(-17). Calculate the highest common factor of t and c.
7
Let c(g) = 2*g - 61. Let o(y) = -8*y + 184. Let d(i) = -7*c(i) - 2*o(i). Let j be d(20). What is the highest common divisor of j and 11?
11
Let t(c) = -3271*c - 219. Let i be t(-3). Calculate the highest common divisor of 117 and i.
117
Suppose 0 = -663*n + 628*n + 589120. Calculate the greatest common divisor of n and 128.
64
Let q be 134 + 49/((-833)/(-204)). Calculate the greatest common factor of q and 13213.
73
Suppose 2*n + 5*g = 20198, -4*n + 12842 + 27584 = 5*g. What is the greatest common divisor of n and 26?
26
Let b be 16/14 - 1520654/(-623). What is the highest common factor of b and 198?
66
Suppose -436*k + 24180 = -33*k. Calculate the greatest common divisor of 636 and k.
12
Let h be (-4)/(-2)*((-144)/6 - -6). Let u = -32 - h. Suppose -5*b - u = -6*b. Calculate the greatest common factor of b and 4.
4
Let o be ((-1309)/(-11))/(3/12). What is the greatest common divisor of 68 and o?
68
Suppose 4*t - 39 = 9. Let h be (1 + (-14014)/(-338))*52/8. Calculate the highest common divisor of t and h.
12
Let y(b) = b**2 + 3*b - 16. Let h be y(-6). Suppose 4*u - 6*u = -h*i + 106, 0 = 3*i + 5*u - 183. What is the greatest common factor of i and 14?
14
Suppose -4*t = 5*b - 6, b = 2*t - 0*b - 10. Suppose 4*i = t + 8. Let d be ((-9)/i)/(-6)*4. What is the highest common divisor of 18 and d?
2
Let u(g) be the third derivative of 1/3*g**3 + 0*g + 0 - 9*g**2 + 1/60*g**5 - 1/6*g**4. Let c be u(-4). What is the greatest common divisor of 68 and c?
34
Let j(g) = 8*g**2 - 30*g + 22. Let t be j(-7). Calculate the highest common factor of 576 and t.
48
Let l = 13 - -15. Let t(n) be the third derivative of n**5/60 - 7*n**4/24 + 13*n**3/6 - 7*n**2. Let k be t(6). What is the highest common divisor of k and l?
7
Suppose 4*y = 2*k + 326, 31 = y - 3*k - 63. Calculate the highest common divisor of 14694 and y.
79
Let o be (-2655)/((-15)/5) - -6. Suppose -o = -3*h - 3*w, 0 = 10*w - 7*w. What is the greatest common divisor of h and 27?
27
Let s(y) = y**2 - 34*y - 3296. Let o be s(77). What is the greatest common factor of 5 and o?
5
Let c = -561 - -571. Calculate the highest common factor of c and 640.
10
Let g = -17 - -29. Suppose x - 4*h - 109 = -6*h, x - 3*h - 99 = 0. Let u = x + -75. Calculate the highest common divisor of g and u.
6
Let l(f) = -3*f + 8. Let n be l(-6). Let g = -2 + n. Let y = -11766 + 12030. Calculate the highest common divisor of y and g.
24
Let z(c) = -318*c + 3172. Let w be z(6). What is the greatest common divisor of w and 237?
79
Let t(n) = 74*n - 27. Let g be t(7). Let j = -293 + g. Let p be (1360/(-12))/(-5) - (-2)/(-3). Calculate the greatest common divisor of j and p.
22
Suppose -9 + 13 = u. Suppose -i = u - 8. What is the greatest common factor of i and 2?
2
Let t(w) = -1 - 16 + 5*w + 0*w - 2*w. Let c be t(19). Suppose 0 = d - 4*j - j + 5, -2*d + 14 = -2*j. Calculate the greatest common divisor of d and c.
10
Let c = -10233 - -10297. What is the greatest common factor of c and 2464?
32
Let m(k) = -7*k**2 + 8*k - 25. Let b be m(7). Let q = -227 - b. What is the highest common divisor of 34 and q?
17
Let t be (294/4 - 3)*(-936)/(-54). What is the highest common factor of t and 52?
26
Let q = -3425 - -3437. Calculate the highest common divisor of 123 and q.
3
Let u be (6 + -7)/(-5*4/22080). What is the greatest common divisor of 288 and u?
48
Let y = 35 - 6. Let a = 128 - y. Let v be 2/(-11) - (-1404)/a. What is the highest common factor of v and 126?
14
Let w be -7 - (-29 - 195/(-15)). Calculate the highest common divisor of w and 6057.
9
Let x = -56 + -4. Let j = x + 67. Calculate the highest common factor of 56 and j.
7
Suppose -20 = -16*s + 14*s. Suppose -15*x + s*x + 180 = -5*a, -4*a + 144 = 5*x. What is the highest common factor of 112 and x?
16
Let l(t) = t**2 + 214*t + 1668. Let h be l(-8). Calculate the highest common divisor of 11360 and h.
20
Let q(d) = d**3 + 8*d**2 - 49*d - 288. Let c be q(-5). What is the highest common divisor of 10832 and c?
16
Suppose -2*w - 4*m = -27630, -13822 = -w - 272*m + 277*m. Calculate the highest common factor of 82 and w.
41
Suppose 0 = 2*x - 4*s - 782, -8*x + 13*x = -s + 1911. Let t = 493 - x. What is the greatest common factor of 11 and t?
11
Let v(p) = -9*p**3 - 2*p**2 - 5*p - 10. Let d be v(-3). Suppose -4*i + 761 = 5*c, i + 2*c - 189 = c. What is the greatest common factor of i and d?
46
Suppose -9*u + 57 = -12*u + 4*u. What is the highest common divisor of u and 1273?
19
Let f be (0 - -2*(-9)/6) + 1. Let l be -3 - (f/4 + 4420/(-8)). Calculate the highest common factor of 50 and l.
50
Suppose -5*d + 17*x - 15*x + 50 = 0, -d - 2*x = -10. Let g(b) = -38*b + 12. Let f be g(-11). What is the highest common factor of f and d?
10
Let v be (-2)/(-7) + (-1321)/(-7). Let k = -5813 - -5834. What is the highest common factor of v and k?
21
Suppose -7*q + 132 = 11*q - 17*q. What is the highest common factor of q and 2354?
22
Suppose -2*z + 0*z = -s - 196, 0 = 4*z - 3*s - 394. Suppose -98 = -b - z. What is the greatest common divisor of 7 and b?
1
Let j = 4 + -3. Suppose 32*r + 56 = 25*r. Let p be (1221/(-148))/(6/r). What is the highest common factor of j and p?
1
Let n(q) = -12*q + 30 - q - 3*q**2 - 8*q**2 + 3*q**3 - q**3. Let f be n(9). Suppose 0*z = 6*z - f. Calculate the greatest common factor of 120 and z.
